*s = -4*s - 2. Let v be h(s). Let y(w) = -2*w + 2. Give y(v).
-6
Let r(p) = p**3 + 4*p**2 - 6*p - 6. Let y = 5 - 10. Let u be r(y). Let d(h) = -12*h - 1. Calculate d(u).
11
Let a(o) = -o**3 - 5*o**2 - 4*o + 1. Let z = 6 + -9. What is a(z)?
-5
Let z(y) = 3*y - 8 - 12*y + 0. Let l(r) = 26*r + 23. Let i(o) = 6*l(o) + 17*z(o). Give i(2).
8
Let u(k) = k**2 - 9*k - 14. Let x be u(10). Let j(p) = p**2 - p - 1. What is j(x)?
19
Let j(t) be the third derivative of t**4/24 + t**3/3 + 18*t**2. Calculate j(-5).
-3
Suppose 0 = -3*y + 2 - 11. Let a(q) = 2*q + 1. What is a(y)?
-5
Let p(w) = -1 - 105*w**3 + 104*w**3 + w**2 - 2*w**2. Give p(-2).
3
Suppose 4*w = 16, -4*w + 8 = y - 3. Let b(j) = 1. Let r(s) = -s**2 - 6*s - 2. Let n(k) = -3*b(k) - r(k). Determine n(y).
-6
Let d(j) = -4*j**2 - 2*j - 1. Let b be d(-1). Let y(k) = -k**3 - 4*k**2 - k + 2. Give y(b).
-4
Suppose -2*o = o - 12. Suppose -z - 9 = -3*h + 1, -h + o*z = -7. Let a(p) = -2 - 3*p + 4*p + 3*p - p**h - 2*p - 2*p**2. Determine a(-3).
1
Suppose -h = -4*h. Let w(f) = 4*f**2 - 7*f - 16. Let y(u) be the first derivative of u**3 - 5*u**2/2 - 11*u - 1. Let q(m) = 5*w(m) - 7*y(m). Give q(h).
-3
Let b be (-8)/(-12)*(-5 - 1). Let z(g) = -g**2 - 3*g - 1. Give z(b).
-5
Suppose 17 = 3*p - 1. Let f(o) = -o**2 + 8*o. What is f(p)?
12
Suppose 5*n = 254 - 79. Let s be 126/n*(-10)/(-6). Let h(i) = -i**2 + 4*i + 6. Determine h(s).
-6
Let b(k) = -2*k**2 - k + 1. Let f be (-2)/(-4)*2*-1. Let o be -4*((-15)/(-6))/5. Let g(i) = -i**2. Let s(h) = f*b(h) + o*g(h). Give s(1).
4
Let u = -40 - -81/2. Let j(m) be the second derivative of -1/3*m**3 + u*m**2 - 1/12*m**4 + 0 - m. Determine j(-4).
-7
Let a(q) be the third derivative of 0*q - 2/3*q**3 + 0 + 4*q**2 + 1/12*q**4. Determine a(-3).
-10
Let q be 1*(-1 + 1)/(-1). Let u(t) = t - 3 - 3 + 3 + 0. Determine u(q).
-3
Let k = 1 - 1. Suppose -2*a + 3*p = -1, -5*a + 15 = p + 4. Let w(f) = -4 + 4 + f**3 + 2 - f**a + f + 2*f**2. Give w(k).
2
Let h(t) = -281*t - 4*t**3 + 283*t + 4*t**2 + 5*t**3 - 4 + 0. What is h(-3)?
-1
Suppose i = -3*i + 8. Let g(t) = -t + 3 - t**i + 3*t - 6*t + 1. What is g(-5)?
-1
Let i = -6 + 3. Let d(r) be the second derivative of -r + 0 - 2/3*r**3 - 3/2*r**2. What is d(i)?
9
Let i(d) = 19*d**3 + 8 + 10*d**2 + 11*d - 13*d**3 - d. Let h(w) = 5*w**3 + 9*w**2 + 9*w + 7. Let v(q) = -5*h(q) + 4*i(q). Suppose -9 = -0*k + 3*k. What is v(k)?
-6
Let f(o) = o - 1. Let m be f(3). Let z(i) be the third derivative of 0*i - m*i**2 + 1/6*i**4 + 0 + 1/120*i**6 + 2/3*i**3 - 1/10*i**5. What is z(5)?
-1
Let b(j) = j + 1. Let r(p) = p - 7. Let u(v) = v**3 - v**2 - v + 3. Let g be u(0). Let y be r(g). Determine b(y).
-3
Let n(p) = p - 3. Let q(m) = -3*m - 3. Let k be q(-3). Determine n(k).
3
Suppose -s = -5*s - 8. Let r be 0*s*1/6. Let f(j) = j**2 + j - 6. Determine f(r).
-6
Suppose 4 = a + 3. Let g(c) = 4 + 3 + 4*c - 7. Give g(a).
4
Let h(b) = 4*b**2 - 2*b - 3. Let p(k) = 3*k**2 - k - 3. Let s(z) = 4*h(z) - 5*p(z). Suppose -5*g + 5*y - 15 = 0, -2*g - 30 = -7*g - 4*y. Determine s(g).
1
Let o be (10/(-15))/(2/(-6)). Let m(q) = 1 - q**o + 4*q - 5 + 5. Let v be 20/(-16)*(-5 - -1). Determine m(v).
-4
Let c(i) = -i**3 + 5*i**2 + 2*i - 6. Let b be c(5). Suppose -2*u - 5 = -b*y + 7, -4*u = 2*y + 4. Let d = y - 2. Let h(o) = o - 4. Calculate h(d).
-4
Suppose -3*y + 3*a = -6, 4*a + 8 = y + 2*y. Suppose -20 = 4*s, 0 = 2*o - 7*o - 4*s - 10. Let v(w) = 2*w**2 + 1 + 3*w**2 - 4*w**o. Determine v(y).
1
Let r(q) = q - 8. Let b be r(4). Let z(h) = -h. Give z(b).
4
Let x(u) be the third derivative of -u**4/8 + 7*u**3/6 - u**2. Let d be x(4). Let l(r) = -2*r - 3. Give l(d).
7
Let r(c) be the first derivative of 1/4*c**4 - 1/2*c**2 + 5 - 4*c + 4/3*c**3. Determine r(-3).
8
Let u be (-4)/(-9)*(-72)/(-16). Let z(h) = 7*h - 7. Let q(d) = -7*d + 8. Let p(w) = 4*q(w) + 5*z(w). Determine p(u).
11
Let b(n) = n**2 - 2*n - 1. Let w = 31 + -33. What is b(w)?
7
Let y(l) be the second derivative of -l**5/10 + l**4/4 - l**3/6 + l**2/2 + 30*l. Calculate y(2).
-5
Suppose 5*y + 3*a = -30, 0 = 5*y + a - 5*a + 30. Let g(p) be the second derivative of -p**4/12 - 7*p**3/6 - 7*p**2/2 - 12*p - 3. Give g(y).
-1
Let f(u) = -u**3 - u**2 + 2*u - 3. Suppose 0*r - 2*r = 6. Calculate f(r).
9
Let l(n) = -n**3 + 6*n**2 + 7*n - 5. Let z = 3 - -4. What is l(z)?
-5
Suppose -f = -3*f + 12. Let u(b) = -b**3 + 5*b**2 + 4*b + 3. Let i(d) = -2*d**3 + 10*d**2 + 7*d + 7. Let w(t) = -2*i(t) + 5*u(t). Calculate w(f).
1
Let h(q) = 4*q - 3. Let c = -3 - -3. Suppose 0 = -3*m - n + 11, 5*m - 4*n + 10 + 0 = c. Determine h(m).
5
Suppose 2*l - 4*l + 4 = 0. Let x = -2 + l. Let y(d) = d**2 - d + 3. Determine y(x).
3
Let j(y) = -y**3 - 6*y - 1 + 8*y**3 - 6*y**3 - 5*y**2. Determine j(6).
-1
Let o be 3*2/(12/2). Let d(j) = -j**2 - 3 - 2*j - 2 + o. What is d(-4)?
-12
Let n(t) = t**3 + t**2 + t. Suppose -5 = 5*m, -5*m + 4 = 3*f + 12. What is n(f)?
-1
Let s(r) = -r**3 - 4*r**2 + 4*r - 4. Suppose 28 = 2*j - 6*j. Let z = -12 - j. What is s(z)?
1
Let b(s) = s**3 - s**2 - 2*s + 2. Let a(p) = p**3 - 6*p**2 - 2*p**3 + 2 + 5*p + 2*p. Let y be a(-7). Determine b(y).
2
Let y = -4 - -2. Let g(z) = -z + 2. Let v be g(0). Let o(h) = 3*h - 7*h - 3 + v*h. What is o(y)?
1
Let h(n) = n**3 - 5*n**2 + 5*n - 1. Suppose 0 = 2*t + 2*p + 1 - 7, -9 = -3*t - 4*p. Suppose -2 - 1 = -t*v, 3*v = -5*z + 23. Give h(z).
3
Let t = 81 - 82. Let j(n) = 27*n**3 - n**2 - n. Calculate j(t).
-27
Let j(k) = 2*k + 0*k + k**3 + 3 - 5*k - 3*k**2 + 0*k. Let o = -25 + 28. What is j(o)?
-6
Let p(i) = -i**2 + 5. Let d be p(-3). Let s(j) = j - 1. Let r(q) = -2*q + 1. Let f(h) = r(h) + 4*s(h). Calculate f(d).
-11
Suppose -36*a = -37*a + 9. Let u(w) = -w + 6. Determine u(a).
-3
Let h(v) be the second derivative of -v**5/20 + v**4/12 + v**3/3 + 3*v. Let z be -1 + 0 + (-52)/(-4). Let k be ((-4)/z + 0)*6. Give h(k).
8
Let f(i) = 5*i + 11. Let x be ((-2)/4)/(12/144). Let p(b) = -4*b - 10. Let j(d) = x*p(d) - 5*f(d). Let z be 2*(-2 + -1 - -1). Determine j(z).
9
Let n(o) = -o**3 - 2*o**2 - 3*o - 3. Let y = 15 + 3. Suppose -7*u + y = -4*u. Suppose -j - 2*j = u. Determine n(j).
3
Suppose 0 = u - 0*u + 8. Let b(l) = -4*l + 19. Let z(m) = 6*m - 29. Let i(a) = u*b(a) - 5*z(a). Let r be (1*5)/(-5 - -6). Calculate i(r).
3
Let n be (-2)/3 - (-17)/3. Let m = n + -6. Let s(i) = -4 - i + 2 + 1. Determine s(m).
0
Let g(y) = y**3 + 5*y**2 + 5*y. Suppose 8*d - 3*d = -20. Determine g(d).
-4
Let o(w) be the first derivative of -w**6/360 - w**5/60 + w**4/24 + 4*w**3/3 - 3. Let g(a) be the third derivative of o(a). What is g(-4)?
-7
Let l(q) = -q - 7. Let a = 25 + 5. Suppose 0 = -8*w + 3*w + a. What is l(w)?
-13
Let u(c) = c**3 + 5*c**2 + 3*c - 3. Let v be u(-3). Let n(d) be the first derivative of 2 - d + 1/4*d**4 - 5/2*d**2 - 5/3*d**3. Calculate n(v).
5
Let a = -3 - -4. Suppose 4*u + 2*f = -3*f + 32, u - 4*f + 13 = 0. Let d(x) = 2*x**2 + 5*x**3 - 2*x + 1 - 4*x**u + 5*x**3. Give d(a).
7
Let n(y) = -6*y**2 + 2*y + 4. Let h(c) = -7*c**2 + 3*c + 4. Let i(g) = -5*h(g) + 6*n(g). Let m(o) = o - 12. Let x be m(8). Determine i(x).
0
Let i(y) be the third derivative of -y**6/360 - y**5/30 + 3*y**4/8 + 3*y**2. Let x(q) be the second derivative of i(q). What is x(-3)?
2
Let d(u) = 2*u - 5. Let n(o) = -o + 3. Let h(m) = -6*d(m) - 10*n(m). Give h(-3).
6
Let d(k) = k**2 + 4*k - 5. Let u(g) = -g**2 - 4*g - 5. Suppose -4*y + 5*f = -2*y - 17, -f - 1 = -y. Let n be u(y). What is d(n)?
0
Let k(b) = -b**3 + b**2 + b + 6. Suppose -2*v + 3 + 3 = 0. Suppose -m = v*m. What is k(m)?
6
Let w(m) = m. Suppose 0 = b + 3*b. Suppose 12 = -b*t + 4*t. Suppose 7 = -5*r - t. Calculate w(r).
-2
Let d(p) be the first derivative of p**7/140 - p**6/180 + p**4/24 - 4*p**3/3 + 3. Let i(n) be the third derivative of d(n). Give i(1).
5
Let x(h) be the second derivative of h**5/2 + h**3/6 + h. Calculate x(1).
11
Let w(r) = r**2. Let p(v) = v**2 + 1. Let f(u) = p(u) + 5*w(u). Suppose -5*z + 0 - 5 = 0. What is f(z)?
7
Let d(t) be the first derivative of -t**4/4 - 5*t**3/3 - 2*t**2 - 2*t - 2. Let r be d(-4). Let z = r - 1. Let q(g) = -g**3 - 3*g**2 - g - 2. Give q(z).
1
Let v(t) = -t + 5. Let i(g) = g - 4. Let m(u) = 4*i(u) + 3*v(u). Let f be 1 + (1 - 3) - -6. Suppose 2*y + 4*l = 20, f*y - 3*l - 22 = -6*l. Give m(y).
1
Let q(v) = 5 + 11 + v**2 - 19 + 8 + 6*v. Let n = 2